{"id":13035,"date":"2020-02-11T15:37:05","date_gmt":"2020-02-11T14:37:05","guid":{"rendered":"https:\/\/textilmu.goeasttest.cloud\/?page_id=13035"},"modified":"2020-06-03T18:48:37","modified_gmt":"2020-06-03T16:48:37","slug":"activites","status":"publish","type":"page","link":"https:\/\/www.textilmuseum.ch\/fr\/activites\/","title":{"rendered":"Activit\u00e9s"},"content":{"rendered":"<p>Le Mus\u00e9e du textile propose des visites guid\u00e9es, des ateliers et d&rsquo;autres \u00e9v\u00e9nements li\u00e9s \u00e0 ses expositions. \u00c9tant donn\u00e9 que les \u00e9v\u00e9nements se d\u00e9roulent principalement en allemand, nous regrettons de ne pouvoir vous fournir les traductions de tous les programmes et vous demandons d&rsquo;utiliser <a href=\"https:\/\/translate.google.fr\/\" target=\"_blank\" rel=\"noopener noreferrer\">Google Translate<\/a> ou un autre logiciel si vous \u00eates int\u00e9ress\u00e9. Si vous \u00eates int\u00e9ress\u00e9 \u00e0 participer \u00e0 certains ateliers ou conf\u00e9rences, n&rsquo;h\u00e9sitez pas \u00e0 nous contacter.<\/p>\n<p>&nbsp;<\/p>\n<p><a class=\"button\" href=\"\/category\/veranstaltungen\/\">Programme en allemand<\/a><\/p>\n","protected":false},"excerpt":{"rendered":"<p>Le Mus\u00e9e du textile propose des visites guid\u00e9es, des ateliers et d&rsquo;autres \u00e9v\u00e9nements li\u00e9s \u00e0 ses expositions. \u00c9tant donn\u00e9 que les \u00e9v\u00e9nements se d\u00e9roulent principalement en allemand, nous regrettons de ne pouvoir vous fournir les traductions de tous les programmes et vous demandons d&rsquo;utiliser Google Translate ou un autre logiciel si vous \u00eates int\u00e9ress\u00e9. Si vous \u00eates int\u00e9ress\u00e9 \u00e0 participer \u00e0 certains ateliers ou conf\u00e9rences, n&rsquo;h\u00e9sitez pas \u00e0 nous contacter. &nbsp; Programme en allemand<\/p>\n","protected":false},"author":7,"featured_media":12727,"parent":0,"menu_order":0,"comment_status":"closed","ping_status":"closed","template":"","meta":{"ngg_post_thumbnail":0,"footnotes":""},"class_list":["post-13035","page","type-page","status-publish","has-post-thumbnail","hentry"],"_links":{"self":[{"href":"https:\/\/www.textilmuseum.ch\/fr\/wp-json\/wp\/v2\/pages\/13035","targetHints":{"allow":["GET"]}}],"collection":[{"href":"https:\/\/www.textilmuseum.ch\/fr\/wp-json\/wp\/v2\/pages"}],"about":[{"href":"https:\/\/www.textilmuseum.ch\/fr\/wp-json\/wp\/v2\/types\/page"}],"author":[{"embeddable":true,"href":"https:\/\/www.textilmuseum.ch\/fr\/wp-json\/wp\/v2\/users\/7"}],"replies":[{"embeddable":true,"href":"https:\/\/www.textilmuseum.ch\/fr\/wp-json\/wp\/v2\/comments?post=13035"}],"version-history":[{"count":3,"href":"https:\/\/www.textilmuseum.ch\/fr\/wp-json\/wp\/v2\/pages\/13035\/revisions"}],"predecessor-version":[{"id":13100,"href":"https:\/\/www.textilmuseum.ch\/fr\/wp-json\/wp\/v2\/pages\/13035\/revisions\/13100"}],"wp:featuredmedia":[{"embeddable":true,"href":"https:\/\/www.textilmuseum.ch\/fr\/wp-json\/wp\/v2\/media\/12727"}],"wp:attachment":[{"href":"https:\/\/www.textilmuseum.ch\/fr\/wp-json\/wp\/v2\/media?parent=13035"}],"curies":[{"name":"wp","href":"https:\/\/api.w.org\/{rel}","templated":true}]}}

Activités

<p>Le Musée du textile propose des visites guidées, des ateliers et d&rsquo;autres événements liés à ses expositions. Étant donné que les événements se déroulent principalement en allemand, nous regrettons de ne pouvoir vous fournir les traductions de tous les programmes et vous demandons d&rsquo;utiliser <a href="https://translate.google.fr/" target="_blank" rel="noopener noreferrer">Google Translate</a> ou un autre logiciel si vous êtes intéressé. Si vous êtes intéressé à participer à certains ateliers ou conférences, n&rsquo;hésitez pas à nous contacter.</p>
<p>&nbsp;</p>
<p><a class="button" href="/category/veranstaltungen/">Programme en allemand</a></p>

<p>Le Musée du textile propose des visites guidées, des ateliers et d&rsquo;autres événements liés à ses expositions. Étant donné que les événements se déroulent principalement en allemand, nous regrettons de ne pouvoir vous fournir les traductions de tous les programmes et vous demandons d&rsquo;utiliser Google Translate ou un autre logiciel si vous êtes intéressé. Si vous êtes intéressé à participer à certains ateliers ou conférences, n&rsquo;hésitez pas à nous contacter. &nbsp; Programme en allemand</p>
