{"id":12324,"date":"2020-02-11T13:13:26","date_gmt":"2020-02-11T12:13:26","guid":{"rendered":"https:\/\/textilmu.goeasttest.cloud\/?page_id=12324"},"modified":"2026-04-27T11:56:51","modified_gmt":"2026-04-27T09:56:51","slug":"textilmuseum-st-gallen","status":"publish","type":"page","link":"https:\/\/www.textilmuseum.ch\/fr\/","title":{"rendered":"Textilmuseum St.Gallen"},"content":{"rendered":"<p>\u00c0 partir du 1er juin 2026, nous serons ouverts du mardi au dimanche, de 10 h \u00e0 17 h. Le mus\u00e9e sera ferm\u00e9 le lundi.<\/p>\n","protected":false},"excerpt":{"rendered":"<p>\u00c0 partir du 1er juin 2026, nous serons ouverts du mardi au dimanche, de 10 h \u00e0 17 h. Le mus\u00e9e sera ferm\u00e9 le lundi.<\/p>\n","protected":false},"author":5,"featured_media":0,"parent":0,"menu_order":0,"comment_status":"closed","ping_status":"closed","template":"landing-page.php","meta":{"ngg_post_thumbnail":0,"footnotes":""},"class_list":["post-12324","page","type-page","status-publish","hentry"],"_links":{"self":[{"href":"https:\/\/www.textilmuseum.ch\/fr\/wp-json\/wp\/v2\/pages\/12324","targetHints":{"allow":["GET"]}}],"collection":[{"href":"https:\/\/www.textilmuseum.ch\/fr\/wp-json\/wp\/v2\/pages"}],"about":[{"href":"https:\/\/www.textilmuseum.ch\/fr\/wp-json\/wp\/v2\/types\/page"}],"author":[{"embeddable":true,"href":"https:\/\/www.textilmuseum.ch\/fr\/wp-json\/wp\/v2\/users\/5"}],"replies":[{"embeddable":true,"href":"https:\/\/www.textilmuseum.ch\/fr\/wp-json\/wp\/v2\/comments?post=12324"}],"version-history":[{"count":143,"href":"https:\/\/www.textilmuseum.ch\/fr\/wp-json\/wp\/v2\/pages\/12324\/revisions"}],"predecessor-version":[{"id":27536,"href":"https:\/\/www.textilmuseum.ch\/fr\/wp-json\/wp\/v2\/pages\/12324\/revisions\/27536"}],"wp:attachment":[{"href":"https:\/\/www.textilmuseum.ch\/fr\/wp-json\/wp\/v2\/media?parent=12324"}],"curies":[{"name":"wp","href":"https:\/\/api.w.org\/{rel}","templated":true}]}}

<p>À partir du 1er juin 2026, nous serons ouverts du mardi au dimanche, de 10 h à 17 h. Le musée sera fermé le lundi.</p>
